e the greatest common divisor of 37874 and 39063.
29
Calculate the highest common factor of 244052 and 3014372.
6596
Calculate the greatest common divisor of 4428 and 14262372.
108
What is the highest common factor of 632 and 408933388?
316
Calculate the greatest common divisor of 994352 and 9599.
29
What is the highest common factor of 171640188 and 39960?
3996
What is the highest common factor of 4222545 and 1015?
145
What is the greatest common divisor of 217503 and 129987?
1287
Calculate the highest common factor of 20198 and 492619121.
10099
Calculate the greatest common divisor of 28352 and 96848.
16
Calculate the greatest common factor of 485 and 871425.
5
Calculate the greatest common factor of 21989509 and 543.
181
What is the greatest common factor of 18996 and 393850400?
6332
Calculate the highest common divisor of 29460 and 47508.
12
What is the highest common divisor of 323 and 14008544?
17
What is the greatest common factor of 1055040 and 7304640?
6720
Calculate the greatest common factor of 1513 and 2395079.
1513
What is the highest common factor of 34 and 343855923?
17
Calculate the greatest common factor of 296294020 and 3839.
3839
What is the highest common divisor of 307260 and 107006140?
11380
What is the greatest common divisor of 6330 and 217110?
30
What is the greatest common divisor of 118673113 and 78?
13
What is the highest common factor of 13365 and 2273535?
1485
What is the highest common divisor of 14340337 and 55?
11
Calculate the greatest common divisor of 416472670 and 164.
82
Calculate the highest common divisor of 86868 and 533019.
381
Calculate the highest common factor of 3840 and 498336.
96
What is the highest common factor of 1520 and 2801930?
190
Calculate the highest common divisor of 6956896 and 310.
62
Calculate the highest common factor of 10230385 and 1485.
55
What is the highest common factor of 16886448 and 864?
432
What is the greatest common factor of 3 and 10684?
1
What is the highest common factor of 409378 and 632?
158
Calculate the greatest common factor of 47396 and 3779134.
1394
What is the greatest common factor of 16553005 and 17215?
1565
What is the highest common factor of 56868 and 59462264?
2708
What is the greatest common divisor of 4347 and 106149393?
4347
What is the greatest common divisor of 660 and 611112810?
330
What is the highest common factor of 629865 and 300?
15
Calculate the greatest common divisor of 1172267 and 5713.
29
Calculate the greatest common factor of 7520 and 21923996.
188
Calculate the greatest common divisor of 49602 and 96726.
42
What is the greatest common factor of 13105 and 6690?
5
Calculate the greatest common factor of 22401 and 1523439.
171
Calculate the greatest common divisor of 17666 and 92444.
242
What is the highest common divisor of 21307 and 813384?
143
Calculate the greatest common factor of 6008761 and 25234.
341
Calculate the highest common factor of 20434 and 445196.
34
Calculate the highest common divisor of 2628117 and 215.
43
What is the highest common divisor of 8845578 and 294?
294
Calculate the greatest common factor of 6838960 and 7280.
80
Calculate the greatest common factor of 130548 and 19942626.
2838
What is the greatest common factor of 29 and 5389331?
29
Calculate the greatest common factor of 867 and 1523608.
289
What is the highest common factor of 527472 and 2092794?
2442
Calculate the highest common factor of 3653119 and 52048.
3253
What is the highest common factor of 23548 and 65634163?
5887
Calculate the highest common factor of 2352 and 50356320.
2352
What is the highest common divisor of 254 and 4605782?
254
What is the highest common factor of 557132 and 9362?
62
What is the highest common factor of 5792 and 369906080?
5792
What is the greatest common factor of 53714 and 10335678?
502
What is the greatest common divisor of 1879537 and 51680?
323
What is the highest common factor of 1012 and 24343660?
1012
Calculate the highest common divisor of 5132225 and 1232.
7
What is the greatest common divisor of 82584 and 1174776?
744
Calculate the highest common factor of 46602555 and 750.
15
Calculate the greatest common divisor of 29 and 26671039.
29
Calculate the greatest common divisor of 1073 and 15319517.
37
Calculate the greatest common divisor of 29337 and 325374.
2667
Calculate the greatest common factor of 28 and 220442614.
14
Calculate the greatest common factor of 727625216 and 456.
152
Calculate the highest common divisor of 12270114 and 2934.
18
Calculate the highest common factor of 47 and 8225423.
47
Calculate the highest common factor of 391 and 5198753.
17
Calculate the greatest common factor of 4 and 286178116.
4
Calculate the greatest common divisor of 103 and 516588878.
103
What is the greatest common divisor of 554910236 and 41?
41
Calculate the greatest common divisor of 1986 and 6673622.
662
What is the highest common factor of 3429716 and 57970?
1054
Calculate the greatest common divisor of 171966 and 5697.
3
Calculate the greatest common divisor of 1167455 and 475.
95
What is the highest common factor of 1048 and 29650016?
1048
Calculate the greatest common factor of 864 and 27527904.
864
Calculate the greatest common divisor of 33 and 56917806.
33
Calculate the greatest common factor of 52 and 2188380.
4
What is the highest common divisor of 1196 and 7678918?
598
What is the highest common divisor of 3123 and 13707?
9
Calculate the greatest common divisor of 250 and 14198420.
10
Calculate the highest common divisor of 636 and 4906932.
12
What is the highest common factor of 828178 and 636?
106
What is the highest common divisor of 67624548 and 13584?
3396
What is the highest common factor of 14850 and 158772150?
1350
Calculate the highest common factor of 448318 and 16650322.
10426
What is the greatest common factor of 6360 and 2218527?
159
What is the greatest common factor of 7 and 1866662469?
7
What is the greatest common factor of 12150 and 3750?
150
Calculate the highest common factor of 789015 and 125235.
345
What is the greatest common factor of 130158243 and 5301?
279
What is the greatest common divisor of 64498 and 8974?
14
What is the highest common divisor of 822757 and 2470?
247
What is the highest common divisor of 1794 and 3008814?
138
What is the greatest common factor of 67 and 51660283?
67
Calculate the greatest common divisor of 26105 and 146510.
115
What is the highest common divisor of 45 and 201139500?
15
What is the greatest common factor of 852 and 3309807?
213
Calculate the greatest common divisor of 220888547 and 19.
19
What is the highest common factor of 37626342 and 26?
26
What is the greatest common factor of 230610930 and 132?
66
Calculate the greatest common factor of 1059 and 542840223.
1059
Calculate the greatest common factor of 395 and 33498607.
79
What is the highest common divisor of 17 and 28301549?
17
What is the highest common divisor of 75896 and 39917?
179
Calculate the greatest common divisor of 2 and 60172619.
1
Calculate the greatest common divisor of 92 and 1029510268.
92
Calculate the greatest common factor of 50616 and 223877.
19
Calculate the greatest common factor of 8067 and 9661577.
2689
What is the greatest common divisor of 166009 and 4059?
41
What is the greatest common divisor of 114372 and 22437?
81
What is the highest common factor of 156 and 970372?
52
What is the greatest common divisor of 164930752 and 448?
448
What is the greatest common divisor of 34019070 and 6900?
690
What is the greatest common factor of 5852 and 892031?
133
Calculate the highest common divisor of 5223 and 1203.
3
Calculate the greatest common factor of 136 and 68398480.
136
Calculate the highest common factor of 2020 and 21231460.
20
What is the highest common divisor of 386 and 95362844?
386
What is the greatest common divisor of 225498 and 2721264?
3822
What is the greatest common divisor of 1376 and 481529136?
688
Calculate the highest common divisor of 22016204 and 4956.
1652
Calculate the highest common factor of 24654 and 67032.
42
What is the highest common divisor of 77 and 23301138?
7
What is the highest common divisor of 16541 and 8491371?
973
Calculate the greatest common divisor of 108530385 and 2685.
2685
Calculate the greatest common factor of 705875